er when 2123 is divided by 421.
18
Calculate the remainder when 257 is divided by 89.
79
Calculate the remainder when 562 is divided by 208.
146
What is the remainder when 290 is divided by 11?
4
What is the remainder when 691 is divided by 445?
246
Calculate the remainder when 1198 is divided by 11.
10
Calculate the remainder when 167 is divided by 24.
23
Calculate the remainder when 693 is divided by 142.
125
Calculate the remainder when 114 is divided by 23.
22
Calculate the remainder when 612 is divided by 77.
73
What is the remainder when 159 is divided by 40?
39
Calculate the remainder when 1300 is divided by 42.
40
Calculate the remainder when 28 is divided by 15.
13
Calculate the remainder when 66 is divided by 61.
5
What is the remainder when 126 is divided by 44?
38
Calculate the remainder when 218 is divided by 22.
20
What is the remainder when 6013 is divided by 3?
1
What is the remainder when 115 is divided by 17?
13
Calculate the remainder when 111 is divided by 44.
23
Calculate the remainder when 1366 is divided by 208.
118
What is the remainder when 1865 is divided by 16?
9
Calculate the remainder when 1517 is divided by 505.
2
Calculate the remainder when 14 is divided by 3.
2
What is the remainder when 230 is divided by 62?
44
Calculate the remainder when 113 is divided by 19.
18
What is the remainder when 2374 is divided by 33?
31
Calculate the remainder when 107 is divided by 40.
27
What is the remainder when 239 is divided by 85?
69
What is the remainder when 953 is divided by 159?
158
Calculate the remainder when 81 is divided by 20.
1
What is the remainder when 71 is divided by 19?
14
What is the remainder when 727 is divided by 9?
7
What is the remainder when 86 is divided by 50?
36
Calculate the remainder when 4993 is divided by 2493.
7
Calculate the remainder when 3562 is divided by 115.
112
What is the remainder when 1115 is divided by 35?
30
Calculate the remainder when 846 is divided by 16.
14
Calculate the remainder when 1801 is divided by 95.
91
What is the remainder when 94 is divided by 28?
10
Calculate the remainder when 47 is divided by 33.
14
What is the remainder when 556 is divided by 276?
4
Calculate the remainder when 276 is divided by 14.
10
What is the remainder when 116 is divided by 105?
11
Calculate the remainder when 135 is divided by 49.
37
What is the remainder when 164 is divided by 54?
2
What is the remainder when 270 is divided by 55?
50
Calculate the remainder when 230 is divided by 149.
81
Calculate the remainder when 200 is divided by 70.
60
What is the remainder when 103 is divided by 41?
21
Calculate the remainder when 24155 is divided by 22.
21
Calculate the remainder when 66 is divided by 39.
27
What is the remainder when 188 is divided by 12?
8
Calculate the remainder when 37 is divided by 15.
7
Calculate the remainder when 262 is divided by 53.
50
What is the remainder when 765 is divided by 70?
65
What is the remainder when 3525 is divided by 196?
193
What is the remainder when 108 is divided by 50?
8
What is the remainder when 668 is divided by 14?
10
What is the remainder when 1547 is divided by 12?
11
What is the remainder when 854 is divided by 26?
22
Calculate the remainder when 793 is divided by 56.
9
Calculate the remainder when 1287 is divided by 212.
15
Calculate the remainder when 13449 is divided by 4483.
0
What is the remainder when 6093 is divided by 127?
124
Calculate the remainder when 2074 is divided by 4.
2
Calculate the remainder when 133 is divided by 17.
14
What is the remainder when 923 is divided by 181?
18
What is the remainder when 63 is divided by 22?
19
Calculate the remainder when 926 is divided by 231.
2
Calculate the remainder when 1631 is divided by 38.
35
What is the remainder when 175 is divided by 20?
15
What is the remainder when 339 is divided by 11?
9
What is the remainder when 155 is divided by 76?
3
Calculate the remainder when 178 is divided by 6.
4
Calculate the remainder when 372 is divided by 8.
4
Calculate the remainder when 526 is divided by 38.
32
Calculate the remainder when 213 is divided by 44.
37
Calculate the remainder when 1464 is divided by 42.
36
What is the remainder when 445 is divided by 141?
22
Calculate the remainder when 8718 is divided by 68.
14
Calculate the remainder when 2035 is divided by 68.
63
Calculate the remainder when 402 is divided by 20.
2
Calculate the remainder when 3273 is divided by 25.
23
Calculate the remainder when 304 is divided by 11.
7
What is the remainder when 4911 is divided by 13?
10
What is the remainder when 1479 is divided by 8?
7
Calculate the remainder when 1033 is divided by 385.
263
What is the remainder when 87 is divided by 25?
12
What is the remainder when 76 is divided by 16?
12
What is the remainder when 1390 is divided by 203?
172
Calculate the remainder when 214 is divided by 72.
70
Calculate the remainder when 5567 is divided by 617.
14
Calculate the remainder when 2046 is divided by 26.
18
Calculate the remainder when 249 is divided by 91.
67
What is the remainder when 499 is divided by 46?
39
What is the remainder when 396 is divided by 25?
21
What is the remainder when 545 is divided by 91?
90
What is the remainder when 56 is divided by 19?
18
What is the remainder when 431 is divided by 417?
14
Calculate the remainder when 508 is divided by 10.
8
Calculate the remainder when 3048 is divided by 2.
0
What is the remainder when 769 is divided by 110?
109
Calculate the remainder when 13707 is divided by 8.
3
Calculate the remainder when 319 is divided by 83.
70
Calculate the remainder when 28769 is divided by 69.
65
What is the remainder when 315 is divided by 39?
3
What is the remainder when 110 is divided by 35?
5
Calculate the remainder when 49 is divided by 15.
4
What is the remainder when 1429 is divided by 143?
142
Calculate the remainder when 115 is divided by 34.
13
What is the remainder when 20213 is divided by 311?
309
What is the remainder when 342 is divided by 15?
12
Calculate the remainder when 538 is divided by 15.
13
What is the remainder when 188 is divided by 27?
26
What is the remainder when 4712 is divided by 89?
84
Calculate the remainder when 278 is divided by 251.
27
Calculate the remainder when 7936 is divided by 361.
355
What is the remainder when 3062 is divided by 219?
215
What is the remainder when 215 is divided by 54?
53
What is the remainder when 95 is divided by 40?
15
What is the remainder when 68272 is divided by 18?
16
Calculate the remainder when 64 is divided by 6.
4
Calculate the remainder when 2111 is divided by 11.
10
What is the remainder when 414 is divided by 4?
2
What is the remainder when 145 is divided by 38?
31
Calculate the remainder when 504 is divided by 43.
31
Calculate the remainder when 646 is divided by 12.
10
Calculate the remainder when 1193 is divided by 241.
229
Calculate the remainder when 32026 is divided by 12.
10
What is the remainder when 48 is divided by 16?
0
What is the remainder when 2494 is divided by 12?
10
What is the remainder when 177 is divided by 54?
15
What is the remainder when 306 is divided by 12?
6
Calculate the remainder when 3230 is divided by 1608.
14
What is the remainder when 47212 is divided by 133?
130
What is the remainder when 220 is divided by 125?
95
What is the remainder when 55 is divided by 15?
10
What is the remainder when 6895 is divided by 3447?
1
What is the remainder when 87 is divided by 46?
41
What is the remainder when 159 is divided by 85?
74
Calculate the remainder when 406 is divided by 107.
85
What is the remainder when 316 is divided by 10?
6
Calculate the remainder when 741 is divided by 183.
9
What is the remainder when 153 is divided by 52?
49
Calculate the remainder when 396 is divided by 58.
48
What is the remainder when 345 is divided by 90?
75
What is the remainder when 577 is divided by 171?
64
Calculate the remainder when 139 is divided by 29.
23
Calculate the remainder when 448 is divided by 132.
52
What is the remainder when 43 is divided by 31?
12
Calculate the remainder when 8 is divided by 8.
0
What is the remainder when 1556 is divided by 11?
5
Calculate the remainder when 468 is divided by 54.
36
What is the remainder when 154 is divided by 50?
4
What is the r